{"id":53,"date":"2016-10-12T20:15:22","date_gmt":"2016-10-12T20:15:22","guid":{"rendered":"http:\/\/localhost:7777\/ariana\/?page_id=4"},"modified":"2024-12-11T09:02:20","modified_gmt":"2024-12-11T09:02:20","slug":"home-page","status":"publish","type":"page","link":"https:\/\/scatman.fi\/site\/","title":{"rendered":"Home Page"},"content":{"rendered":"<p><section class=\"kc-elm kc-css-74766 kc_row .heading-image\"><div class=\"kc-row-container\"><div class=\"kc-wrap-columns\"><div class=\"kc-elm kc-css-830805 kc_col-sm-12 kc_column kc_col-sm-12\"><div class=\"kc-col-container\"><\/div><\/div><\/div><\/div><\/section><section class=\"kc-elm kc-css-714761 kc_row\"><div class=\"kc-row-container\"><div class=\"kc-wrap-columns\"><div class=\"kc-elm kc-css-372080 kc_col-sm-12 kc_column kc_col-sm-12\"><div class=\"kc-col-container\">\r\n<!-- START ABOUT FEATURE CONTENT -->\r\n<section id=\"service\" class=\"feature section-padding\">\r\n\t<div class=\"container\">\r\n\t\t<div class=\"row text-center\">\r\n\t\t\r\n\t\t\t<div class=\"section-title wow zoomIn\">\r\n\t\t\t\t\t\t\t\t<h2>Mik\u00e4 on SCATMAN ?<\/h2>\r\n\t\t\t\t<span><\/span>\r\n\t\t\t\t\t\t\t\t<p>SCATMAN on nykyajan teollisuuden digitalisaation mobiilij\u00e4rjestelm\u00e4. SCATMAN integroituu ja mukautuu jokaisen asiakkaan tarpeisiin ja j\u00e4rjestelmiin.<\/p>\r\n\t\t\t\t\t\t\t<\/div>\r\n\t\t\t\r\n\t\t\t\r\n\t\t\t\r\n\t<div class=\"col-md-4 col-sm-4 col-xs-12\">\r\n\t\t<div class=\"about_single wow fadeInLeft\" data-wow-duration=\"1s\" data-wow-delay=\"0.1s\" data-wow-offset=\"0\">\r\n\t\t\t<i class=\"fa fa-industry\"><\/i>\r\n\t\t\t<h4>huolto- ja asennusty\u00f6t kent\u00e4ll\u00e4<\/h4>\r\n\t\t\t<span><\/span>\r\n\t\t\t<p>SCATMAN-sovellus tarjoaa digitaaliset lomakkeet laitteistojen huoltoon ja asennukseen kent\u00e4ll\u00e4.<\/p>\r\n\t\t<\/div>\r\n\t<\/div><!--- END COL -->\r\n\t\t\r\n\r\n\t<div class=\"col-md-4 col-sm-4 col-xs-12\">\r\n\t\t<div class=\"about_single wow fadeInLeft\" data-wow-duration=\"1s\" data-wow-delay=\"0.1s\" data-wow-offset=\"0\">\r\n\t\t\t<i class=\"fa fa-mobile\"><\/i>\r\n\t\t\t<h4>Digitaaliset tarkastukset<\/h4>\r\n\t\t\t<span><\/span>\r\n\t\t\t<p>Hoida tarkastuskierrokset ja m\u00e4\u00e4r\u00e4aikaistarkastukset tehokkaasti suoraan digitaaliseen muotoon SCATMAN-sovelluksella.<\/p>\r\n\t\t<\/div>\r\n\t<\/div><!--- END COL -->\r\n\t\t\r\n\r\n\t<div class=\"col-md-4 col-sm-4 col-xs-12\">\r\n\t\t<div class=\"about_single wow fadeInLeft\" data-wow-duration=\"1s\" data-wow-delay=\"0.1s\" data-wow-offset=\"0\">\r\n\t\t\t<i class=\"fa fa-clipboard-list\"><\/i>\r\n\t\t\t<h4>Ty\u00f6turvallisuus<\/h4>\r\n\t\t\t<span><\/span>\r\n\t\t\t<p>SCATMAN-sovellus sopii t\u00e4ydellisesti my\u00f6s ty\u00f6turvallisuustarkastusten kirjaamiseen. Raportointi v\u00e4litt\u00f6m\u00e4sti s\u00e4hk\u00f6postiin ja\/tai SCATMAN-verkkopalveluun.<\/p>\r\n\t\t<\/div>\r\n\t<\/div><!--- END COL -->\r\n\t\t\r\n\t\t\t\r\n\t\t<\/div><!--- END ROW -->\r\n\t<\/div><!--- END CONTAINER -->\r\n<\/section>\r\n<!-- END ABOUT FEATURE CONTENT -->\r\n\t\t\r\n<\/div><\/div><\/div><\/div><\/section><section class=\"kc-elm kc-css-175439 kc_row\"><div class=\"kc-row-container\"><div class=\"kc-wrap-columns\"><div class=\"kc-elm kc-css-755633 kc_col-sm-12 kc_column kc_col-sm-12\"><div class=\"kc-col-container\">\r\n\t\t<!-- PROMOTION -->\r\n\t\t<section class=\"buy_now\">\r\n\t\t\t<div class=\"container text-center\">\r\n\t\t\t\t<h3 class=\"buy_now_title\">Haluatko lis\u00e4tietoja?<a href=\"https:\/\/scatman.fi\/site\/wp-content\/uploads\/2024\/10\/Scatman_2_pager.pdf\" class=\"btn btn-default btn-promotion-bg\">Lataa esite<\/a> <\/h3>\r\n\t\t\t<\/div><!--- END CONTAINER -->\r\n\t\t<\/section>\r\n\t\t<!-- END PROMOTION -->\r\n\t\t\r\n<\/div><\/div><\/div><\/div><\/section><section class=\"kc-elm kc-css-853771 kc_row\"><div class=\"kc-row-container\"><div class=\"kc-wrap-columns\"><div class=\"kc-elm kc-css-357219 kc_col-sm-12 kc_column kc_col-sm-12\"><div class=\"kc-col-container\">\r\n<!-- START ABOUT FEATURE CONTENT -->\r\n<section id=\"service\" class=\"feature section-padding\">\r\n\t<div class=\"container\">\r\n\t\t<div class=\"row text-center\">\r\n\t\t\r\n\t\t\t<div class=\"section-title wow zoomIn\">\r\n\t\t\t\t\t\t\t\t<h2>SCATMAN huoltot\u00f6iss\u00e4<\/h2>\r\n\t\t\t\t<span><\/span>\r\n\t\t\t\t\t\t\t<\/div>\r\n\t\t\t\r\n\t\t\t\r\n\t\t\t\t\t\t\r\n\t\t<\/div><!--- END ROW -->\r\n\t<\/div><!--- END CONTAINER -->\r\n<\/section>\r\n<!-- END ABOUT FEATURE CONTENT -->\r\n\t\t\r\n<\/div><\/div><\/div><\/div><\/section><section class=\"kc-elm kc-css-285132 kc_row\"><div class=\"kc-row-container  kc-container\"><div class=\"kc-wrap-columns\"><div class=\"kc-elm kc-css-565361 kc_col-sm-3 kc_column kc_col-sm-3\"><div class=\"kc-col-container\"><div class=\"kc-elm kc-css-792172 kc_shortcode kc_single_image\">\n\n        <img decoding=\"async\" src=\"https:\/\/scatman.fi\/site\/wp-content\/uploads\/2024\/09\/FSMtoSCATMAN-4.png\" class=\"\" alt=\"\" \/>    \t    <p class=\"scapt\">FSM:st\u00e4 tuodaan huoltojen perustiedot kuten; ty\u00f6m\u00e4\u00e4r\u00e4ykset, laitteet, varaosat jne.<\/p>\n\t    <\/div>\n<\/div><\/div><div class=\"kc-elm kc-css-204991 kc_col-sm-3 kc_column kc_col-sm-3\"><div class=\"kc-col-container\"><div class=\"kc-elm kc-css-196456 kc_shortcode kc_single_image\">\n\n        <img decoding=\"async\" src=\"https:\/\/scatman.fi\/site\/wp-content\/uploads\/2024\/09\/WOdone-4.png\" class=\"\" alt=\"\" \/>    \t    <p class=\"scapt\">Kunnossapitohenkil\u00f6 kirjaa huollon tiedot huoltosuunnitelman mukaisesti ja kirjaa ty\u00f6n tehdyksi.<\/p>\n\t    <\/div>\n<\/div><\/div><div class=\"kc-elm kc-css-396053 kc_col-sm-3 kc_column kc_col-sm-3\"><div class=\"kc-col-container\"><div class=\"kc-elm kc-css-212036 kc_shortcode kc_single_image\">\n\n        <img decoding=\"async\" src=\"https:\/\/scatman.fi\/site\/wp-content\/uploads\/2024\/09\/acceptedWO-5.png\" class=\"\" alt=\"\" \/>    \t    <p class=\"scapt\">Ty\u00f6njohtaja tarkastaa ja hyv\u00e4ksyy huoltoty\u00f6n ja sen mahdolliset laskutustiedot.<\/p>\n\t    <\/div>\n<\/div><\/div><div class=\"kc-elm kc-css-561872 kc_col-sm-3 kc_column kc_col-sm-3\"><div class=\"kc-col-container\"><div class=\"kc-elm kc-css-678456 kc_shortcode kc_single_image\">\n\n        <img decoding=\"async\" src=\"https:\/\/scatman.fi\/site\/wp-content\/uploads\/2024\/09\/SCATMANtoFSM-4.png\" class=\"\" alt=\"\" \/>    \t    <p class=\"scapt\">Huoltotapahtuma ja sen tiedot p\u00e4ivittyv\u00e4t FSM:\u00e4\u00e4n ja sen raportointiin.<\/p>\n\t    <\/div>\n<\/div><\/div><\/div><\/div><\/section><section class=\"kc-elm kc-css-402680 kc_row\"><div class=\"kc-row-container\"><div class=\"kc-wrap-columns\"><div class=\"kc-elm kc-css-835432 kc_col-sm-12 kc_column kc_col-sm-12\"><div class=\"kc-col-container\">\r\n\t\t<!-- PROMOTION -->\r\n\t\t<section class=\"buy_now\">\r\n\t\t\t<div class=\"container text-center\">\r\n\t\t\t\t<h3 class=\"buy_now_title\">Haluatko kuulla lis\u00e4\u00e4 ?<a href=\"#contact\" class=\"btn btn-default btn-promotion-bg\">Ota yhteytt\u00e4<\/a> <\/h3>\r\n\t\t\t<\/div><!--- END CONTAINER -->\r\n\t\t<\/section>\r\n\t\t<!-- END PROMOTION -->\r\n\t\t\r\n<\/div><\/div><\/div><\/div><\/section><section class=\"kc-elm kc-css-962501 kc_row\"><div class=\"kc-row-container\"><div class=\"kc-wrap-columns\"><div class=\"kc-elm kc-css-738990 kc_col-sm-12 kc_column kc_col-sm-12\"><div class=\"kc-col-container\">\r\n<!-- START ABOUT FEATURE CONTENT -->\r\n<section id=\"service\" class=\"feature section-padding\">\r\n\t<div class=\"container\">\r\n\t\t<div class=\"row text-center\">\r\n\t\t\r\n\t\t\t<div class=\"section-title wow zoomIn\">\r\n\t\t\t\t\t\t\t\t<h2>SCATMAN tarkastust\u00f6iss\u00e4<\/h2>\r\n\t\t\t\t<span><\/span>\r\n\t\t\t\t\t\t\t<\/div>\r\n\t\t\t\r\n\t\t\t\r\n\t\t\t\t\t\t\r\n\t\t<\/div><!--- END ROW -->\r\n\t<\/div><!--- END CONTAINER -->\r\n<\/section>\r\n<!-- END ABOUT FEATURE CONTENT -->\r\n\t\t\r\n<\/div><\/div><\/div><\/div><\/section><section class=\"kc-elm kc-css-325295 kc_row\"><div class=\"kc-row-container  kc-container\"><div class=\"kc-wrap-columns\"><div class=\"kc-elm kc-css-450749 kc_col-sm-4 kc_column kc_col-sm-4\"><div class=\"kc-col-container\"><div class=\"kc-elm kc-css-226785 kc_shortcode kc_single_image\">\n\n        <img decoding=\"async\" src=\"https:\/\/scatman.fi\/site\/wp-content\/uploads\/2024\/09\/Simulator-Screenshot-iPhone-15-Pro-2024-09-10-at-09.47.44.png\" class=\"\" alt=\"\" \/>    <\/div>\n<div class=\"kc-elm kc-css-569688 kc_text_block\"><\/p>\n<p>SCATMAN-sovelluksella suoritat tarkastukset helposti suoraan kent\u00e4lt\u00e4 digitaaliseen muotoon. SCATMAN-sovellus on saatavilla sek\u00e4 iOS- ett\u00e4 Android-laitteisiin.<\/p>\n<p>\n<\/div><\/div><\/div><div class=\"kc-elm kc-css-809612 kc_col-sm-4 kc_column kc_col-sm-4\"><div class=\"kc-col-container\"><div class=\"kc-elm kc-css-808076 kc_shortcode kc_single_image\">\n\n        <img decoding=\"async\" src=\"https:\/\/scatman.fi\/site\/wp-content\/uploads\/2024\/09\/Simulator-Screenshot-iPhone-15-Pro-2024-09-10-at-09.51.05.png\" class=\"\" alt=\"\" \/>    <\/div>\n<div class=\"kc-elm kc-css-757664 kc_text_block\"><\/p>\n<p>Tarkastuslomake koostuu kustomoiduista v\u00e4lilehdist\u00e4 joissa voi olla useita erilaisia kysymystyyppej\u00e4. Perinteisten teksti- ja numerokenttien lis\u00e4ksi kysymystyyppej\u00e4 on muunmuassa; kuva, paikka (GPS), valintalista, liukus\u00e4\u00e4din ja monia muita.<\/p>\n<p>\n<\/div><\/div><\/div><div class=\"kc-elm kc-css-688978 kc_col-sm-4 kc_column kc_col-sm-4\"><div class=\"kc-col-container\"><div class=\"kc-elm kc-css-628357 kc_shortcode kc_single_image\">\n\n        <img decoding=\"async\" src=\"https:\/\/scatman.fi\/site\/wp-content\/uploads\/2024\/09\/Nayttokuva-2024-09-10-kello-12.39.33.png\" class=\"\" alt=\"\" \/>    <\/div>\n<div class=\"kc-elm kc-css-287374 kc_text_block\"><\/p>\n<p>Kun tarkastus on valmis, raportti tarkastuksesta on v\u00e4litt\u00f6m\u00e4sti ladattavissa SCATMAN-verkkopalvelusta. Raportti voidaan my\u00f6s toimittaa s\u00e4hk\u00f6postitse.<\/p>\n<p>\n<\/div><\/div><\/div><\/div><\/div><\/section><section class=\"kc-elm kc-css-583007 kc_row\"><div class=\"kc-row-container\"><div class=\"kc-wrap-columns\"><div class=\"kc-elm kc-css-712347 kc_col-sm-12 kc_column kc_col-sm-12\"><div class=\"kc-col-container\">\r\n\t\t<!-- PROMOTION -->\r\n\t\t<section class=\"buy_now\">\r\n\t\t\t<div class=\"container text-center\">\r\n\t\t\t\t<h3 class=\"buy_now_title\">Kiinnostuitko?<a href=\"\/site\/index.php\/tilaa-esittely\/\" class=\"btn btn-default btn-promotion-bg\">Tilaa esittely<\/a> <\/h3>\r\n\t\t\t<\/div><!--- END CONTAINER -->\r\n\t\t<\/section>\r\n\t\t<!-- END PROMOTION -->\r\n\t\t\r\n<\/div><\/div><\/div><\/div><\/section><section id=\"clients\" class=\"kc-elm kc-css-36935 kc_row\"><div class=\"kc-row-container\"><div class=\"kc-wrap-columns\"><div class=\"kc-elm kc-css-622565 kc_col-sm-12 kc_column kc_col-sm-12\"><div class=\"kc-col-container\">\r\n<!-- START COMPANY PARTNER LOGO  -->\r\n<section class=\"partner-logo section-padding\">\r\n\t<div class=\"container\">\r\n\t\t<div class=\"row\">\r\n\t\t\r\n\t\t\t<div class=\"section-title text-center\">\r\n\t\t\t\t\t\t\t\t<h2>Asiakkaat<\/h2>\r\n\t\t\t\t<span><\/span>\r\n\t\t\t\t\t\t\t\t<p>Tyytyv\u00e4isiin asiakkaisiimme kuuluu muunmuassa:<\/p>\r\n\t\t\t\t\t\t\t<\/div>\t\r\n\t\t\t\r\n\t\t\t\r\n\t\t\t<div class=\"col-md-12\">\r\n\t\t\t\t<div class=\"partner  wow fadeInRight\">\r\n\t\t\t\t\t\t\t\r\n\t\t\t\t\t\t\t\t\t\t<a href=\"https:\/\/www.vesitieto.fi\/\"><img decoding=\"async\" src=\"https:\/\/scatman.fi\/site\/wp-content\/uploads\/2023\/01\/vt.png\" alt=\"\"><\/a>\r\n\t\t\t\t\r\n\t\t\t\t\t\t\t\t\t\t<a href=\"#\"><img decoding=\"async\" src=\"https:\/\/scatman.fi\/site\/wp-content\/uploads\/2016\/10\/tapio.jpg\" alt=\"\"><\/a>\r\n\t\t\t\t\r\n\t\t\t\t\t\t\t\t\t\t<a href=\"#\"><img decoding=\"async\" src=\"https:\/\/scatman.fi\/site\/wp-content\/uploads\/2016\/10\/mitta.jpg\" alt=\"\"><\/a>\r\n\t\t\t\t\r\n\t\t\t\t\t\t\t\r\n\t\t\t\t<\/div>\r\n\t\t\t<\/div><!-- END COL  -->\r\n\t\t<\/div><!--END  ROW  -->\r\n\t<\/div><!-- END CONTAINER  -->\r\n<\/section>\r\n<!-- END COMPANY PARTNER LOGO -->\r\n<\/div><\/div><\/div><\/div><\/section><section id=\"contact\" class=\"kc-elm kc-css-604286 kc_row\"><div class=\"kc-row-container  kc-container\"><div class=\"kc-wrap-columns\"><div class=\"kc-elm kc-css-509900 kc_col-sm-12 kc_column kc_col-sm-12\"><div class=\"kc-col-container\">\r\n\t\r\n\t<div class=\"section-title wow zoomIn text-center\">\r\n\t\t\t\t\t<h2>ota yhteytt\u00e4<\/h2>\t\t\r\n\t\t<span><\/span>\r\n\t\t\t\t<p>Her\u00e4sik\u00f6 kiinnostus tai tuliko jotain kysytt\u00e4v\u00e4\u00e4? Tilaa esittely tai ota yhteytt\u00e4 tiimiimme. <\/p>\r\n\t\t\t<\/div>\r\n\t\r\n\t\t\r\n\n<div class=\"kc-elm kc-css-317155\">\n\t<a class=\"kc_button\" href=\"https:\/\/scatman.fi\/site\/index.php\/tilaa-esittely\/\" target=\"_self\" title=\"Tilaa esittely\" onclick=\"\">\n\t\tTILAA ESITTELY\t<\/a>\n<\/div>\n<\/div><\/div><\/div><\/div><\/section><section class=\"kc-elm kc-css-384338 kc_row\"><div class=\"kc-row-container  kc-container\"><div class=\"kc-wrap-columns\"><div class=\"kc-elm kc-css-297245 kc_col-sm-12 kc_column kc_col-sm-12\"><div class=\"kc-col-container\"><div class=\"kc-elm kc-css-297893 kc_text_block\"><\/p>\n<p style=\"text-align: center;\"><img loading=\"lazy\" decoding=\"async\" class=\"alignnone \" src=\"https:\/\/scatman.fi\/site\/wp-content\/uploads\/2023\/01\/phone.png\" alt=\"\" width=\"18\" height=\"18\" \/> +358 41 722 7676<\/p>\n<p style=\"text-align: center;\"><img loading=\"lazy\" decoding=\"async\" class=\"alignnone \" src=\"https:\/\/scatman.fi\/site\/wp-content\/uploads\/2023\/01\/envelope.png\" alt=\"\" width=\"18\" height=\"18\" \/> info ( at ) scatman.fi<\/p>\n<p>\n<\/div><\/div><\/div><\/div><\/div><\/section><section class=\"kc-elm kc-css-482429 kc_row\"><div class=\"kc-row-container\"><div class=\"kc-wrap-columns\"><div class=\"kc-elm kc-css-266783 kc_col-sm-6 kc_column kc_col-sm-6\"><div class=\"kc-col-container\"><div class=\"kc-elm kc-css-495781 kc_google_maps kc_shortcode\"><div style=\"height: 500px\" class=\"kc-google-maps\"><iframe src=\"https:\/\/www.google.com\/maps\/embed?pb=!1m18!1m12!1m3!1d1685.386229572805!2d25.468266013803078!3d65.01241957775417!2m3!1f0!2f0!3f0!3m2!1i1024!2i768!4f13.1!3m3!1m2!1s0x468032af1ea06cb9%3A0x4a4d9ae966207b4d!2sScatman%20Oy!5e0!3m2!1sfi!2sfi!4v1673520602496!5m2!1sfi!2sfi\" width=\"100%\" height=\"500\" style=\"border:0;\" allowfullscreen=\"\" loading=\"lazy\" referrerpolicy=\"no-referrer-when-downgrade\"><\/iframe><\/div><\/div><\/div><\/div><div class=\"kc-elm kc-css-703353 kc_col-sm-6 kc_column kc_col-sm-6\"><div class=\"kc-col-container\"><div class=\"kc-contact-form7 kc-elm kc-css-226216\">\n<div class=\"wpcf7 no-js\" id=\"wpcf7-f6-o1\" lang=\"fi\" dir=\"ltr\" data-wpcf7-id=\"6\">\n<div class=\"screen-reader-response\"><p role=\"status\" aria-live=\"polite\" aria-atomic=\"true\"><\/p> <ul><\/ul><\/div>\n<form action=\"\/site\/index.php\/wp-json\/wp\/v2\/pages\/53#wpcf7-f6-o1\" method=\"post\" class=\"wpcf7-form init\" aria-label=\"Yhteydenottolomake\" novalidate=\"novalidate\" data-status=\"init\">\n<fieldset class=\"hidden-fields-container\"><input type=\"hidden\" name=\"_wpcf7\" value=\"6\" \/><input type=\"hidden\" name=\"_wpcf7_version\" value=\"6.1.5\" \/><input type=\"hidden\" name=\"_wpcf7_locale\" value=\"fi\" \/><input type=\"hidden\" name=\"_wpcf7_unit_tag\" value=\"wpcf7-f6-o1\" \/><input type=\"hidden\" name=\"_wpcf7_container_post\" value=\"0\" \/><input type=\"hidden\" name=\"_wpcf7_posted_data_hash\" value=\"\" \/>\n<\/fieldset>\n<p><label> Nimi<br \/>\n<span class=\"wpcf7-form-control-wrap\" data-name=\"your-name\"><input size=\"40\" maxlength=\"400\" class=\"wpcf7-form-control wpcf7-text wpcf7-validates-as-required\" autocomplete=\"name\" aria-required=\"true\" aria-invalid=\"false\" value=\"\" type=\"text\" name=\"your-name\" \/><\/span> <\/label>\n<\/p>\n<p><label> S\u00e4hk\u00f6posti<br \/>\n<span class=\"wpcf7-form-control-wrap\" data-name=\"your-email\"><input size=\"40\" maxlength=\"400\" class=\"wpcf7-form-control wpcf7-email wpcf7-validates-as-required wpcf7-text wpcf7-validates-as-email\" autocomplete=\"email\" aria-required=\"true\" aria-invalid=\"false\" value=\"\" type=\"email\" name=\"your-email\" \/><\/span> <\/label>\n<\/p>\n<p><label> Aihe<br \/>\n<span class=\"wpcf7-form-control-wrap\" data-name=\"your-subject\"><input size=\"40\" maxlength=\"400\" class=\"wpcf7-form-control wpcf7-text wpcf7-validates-as-required\" aria-required=\"true\" aria-invalid=\"false\" value=\"\" type=\"text\" name=\"your-subject\" \/><\/span> <\/label>\n<\/p>\n<p><label> Viesti<br \/>\n<span class=\"wpcf7-form-control-wrap\" data-name=\"your-message\"><textarea cols=\"40\" rows=\"10\" maxlength=\"2000\" class=\"wpcf7-form-control wpcf7-textarea\" aria-invalid=\"false\" name=\"your-message\"><\/textarea><\/span> <\/label>\n<\/p>\n<p><input class=\"wpcf7-form-control wpcf7-submit has-spinner\" type=\"submit\" value=\"L\u00e4het\u00e4\" \/>\n<\/p><div class=\"wpcf7-response-output\" aria-hidden=\"true\"><\/div>\n<\/form>\n<\/div>\n<\/div><\/div><\/div><\/div><\/div><\/section><\/p>\n","protected":false},"excerpt":{"rendered":"","protected":false},"author":1,"featured_media":0,"parent":0,"menu_order":0,"comment_status":"closed","ping_status":"closed","template":"kc-template.php","meta":{"footnotes":""},"class_list":["post-53","page","type-page","status-publish","hentry"],"_links":{"self":[{"href":"https:\/\/scatman.fi\/site\/index.php\/wp-json\/wp\/v2\/pages\/53","targetHints":{"allow":["GET"]}}],"collection":[{"href":"https:\/\/scatman.fi\/site\/index.php\/wp-json\/wp\/v2\/pages"}],"about":[{"href":"https:\/\/scatman.fi\/site\/index.php\/wp-json\/wp\/v2\/types\/page"}],"author":[{"embeddable":true,"href":"https:\/\/scatman.fi\/site\/index.php\/wp-json\/wp\/v2\/users\/1"}],"replies":[{"embeddable":true,"href":"https:\/\/scatman.fi\/site\/index.php\/wp-json\/wp\/v2\/comments?post=53"}],"version-history":[{"count":49,"href":"https:\/\/scatman.fi\/site\/index.php\/wp-json\/wp\/v2\/pages\/53\/revisions"}],"predecessor-version":[{"id":539,"href":"https:\/\/scatman.fi\/site\/index.php\/wp-json\/wp\/v2\/pages\/53\/revisions\/539"}],"wp:attachment":[{"href":"https:\/\/scatman.fi\/site\/index.php\/wp-json\/wp\/v2\/media?parent=53"}],"curies":[{"name":"wp","href":"https:\/\/api.w.org\/{rel}","templated":true}]}}